actors of 6287315?
5, 1257463
What are the prime factors of 862882?
2, 431441
List the prime factors of 230707.
17, 41, 331
What are the prime factors of 264036?
2, 3, 22003
What are the prime factors of 2538186?
2, 3, 7, 223, 271
What are the prime factors of 114240?
2, 3, 5, 7, 17
List the prime factors of 9781221.
3, 3260407
What are the prime factors of 1409197?
29, 48593
List the prime factors of 123261.
3, 181, 227
What are the prime factors of 26872?
2, 3359
List the prime factors of 27078.
2, 3, 4513
What are the prime factors of 657240?
2, 3, 5, 5477
List the prime factors of 336213.
3, 37357
What are the prime factors of 2132781?
3, 7, 101561
List the prime factors of 793795.
5, 158759
List the prime factors of 4507863.
3, 1502621
List the prime factors of 313307.
313307
List the prime factors of 23459194.
2, 11, 1066327
List the prime factors of 9489092.
2, 211, 11243
List the prime factors of 127784.
2, 15973
What are the prime factors of 18363?
3, 6121
What are the prime factors of 142476?
2, 3, 31, 383
What are the prime factors of 3041650?
2, 5, 127, 479
List the prime factors of 3014765.
5, 13, 46381
What are the prime factors of 839079?
3, 1151
List the prime factors of 106458.
2, 3, 11, 1613
List the prime factors of 164463.
3, 13, 4217
What are the prime factors of 2755781?
7, 393683
List the prime factors of 6970000.
2, 5, 17, 41
What are the prime factors of 1168733?
17, 68749
List the prime factors of 10530728.
2, 13, 7789
What are the prime factors of 250874?
2, 13, 9649
What are the prime factors of 375537?
3, 151, 829
What are the prime factors of 132166?
2, 66083
List the prime factors of 10934358.
2, 3, 1822393
List the prime factors of 1262855.
5, 11, 22961
What are the prime factors of 2130349?
13, 37, 43, 103
What are the prime factors of 6296429?
19, 331391
What are the prime factors of 546915?
3, 5, 19, 101
What are the prime factors of 345239?
313, 1103
List the prime factors of 1740214.
2, 7, 124301
List the prime factors of 3001611.
3, 1000537
List the prime factors of 544519.
491, 1109
List the prime factors of 1353807.
3, 7, 13, 19, 29
List the prime factors of 2680603.
67, 40009
List the prime factors of 394721.
394721
What are the prime factors of 132110?
2, 5, 11, 1201
List the prime factors of 6781.
6781
What are the prime factors of 795130?
2, 5, 7, 37, 307
List the prime factors of 3382664.
2, 41, 10313
List the prime factors of 2841688.
2, 355211
What are the prime factors of 2934773?
2934773
List the prime factors of 2759675.
5, 167, 661
What are the prime factors of 597313?
29, 43, 479
What are the prime factors of 433845?
3, 5, 31, 311
What are the prime factors of 1430693?
11, 113, 1151
What are the prime factors of 17957793?
3, 7, 19, 45007
List the prime factors of 4420812.
2, 3, 11, 107, 313
What are the prime factors of 720228?
2, 3, 47, 1277
What are the prime factors of 297713?
13, 22901
List the prime factors of 193275.
3, 5, 859
List the prime factors of 538606.
2, 71, 3793
List the prime factors of 51723.
3, 7, 821
What are the prime factors of 11319385?
5, 7, 11, 29401
What are the prime factors of 15331338?
2, 3, 11, 77431
List the prime factors of 126863.
11, 19, 607
List the prime factors of 791303.
257, 3079
What are the prime factors of 120762?
2, 3, 6709
What are the prime factors of 3348912?
2, 3, 7, 9967
What are the prime factors of 50150?
2, 5, 17, 59
What are the prime factors of 13074540?
2, 3, 5, 217909
List the prime factors of 21258970.
2, 5, 1151, 1847
What are the prime factors of 18182362?
2, 11, 29, 28499
List the prime factors of 406558.
2, 203279
What are the prime factors of 5910480?
2, 3, 5, 8209
What are the prime factors of 3210383?
11, 291853
What are the prime factors of 638486?
2, 17, 89, 211
What are the prime factors of 2511999?
3, 7, 13291
What are the prime factors of 1277814?
2, 3, 212969
List the prime factors of 208137.
3, 69379
What are the prime factors of 2377043?
29, 81967
What are the prime factors of 305537?
89, 3433
List the prime factors of 822428.
2, 205607
List the prime factors of 551008.
2, 67, 257
What are the prime factors of 1480564?
2, 17, 21773
List the prime factors of 5538967.
7, 647, 1223
What are the prime factors of 503109?
3, 55901
What are the prime factors of 67397?
11, 557
What are the prime factors of 216602?
2, 108301
What are the prime factors of 185118?
2, 3, 30853
List the prime factors of 3447067.
13, 53, 5003
List the prime factors of 10281533.
337, 30509
What are the prime factors of 544794?
2, 3, 29, 31, 101
List the prime factors of 275367.
3, 19, 4831
List the prime factors of 13202533.
41, 322013
What are the prime factors of 17140?
2, 5, 857
List the prime factors of 13474996.
2, 43, 157, 499
List the prime factors of 2112306.
2, 3, 7, 19, 2647
What are the prime factors of 9141669?
3, 613, 1657
What are the prime factors of 171032?
2, 21379
What are the prime factors of 3840024?
2, 3, 160001
List the prime factors of 51483.
3, 131
What are the prime factors of 230269?
13, 17713
What are the prime factors of 182303?
11, 16573
What are the prime factors of 557418?
2, 3, 61, 1523
What are the prime factors of 1025922?
2, 3, 163, 1049
List the prime factors of 254660.
2, 5, 7, 17, 107
What are the prime factors of 806038?
2, 17, 151, 157
List the prime factors of 148500.
2, 3, 5, 11
What are the prime factors of 88686?
2, 3, 13, 379
List the prime factors of 31479424.
2, 331, 743
List the prime factors of 559148.
2, 139787
List the prime factors of 2180696.
2, 7, 5563
List the prime factors of 9852100.
2, 5, 83, 1187
What are the prime factors of 649180?
2, 5, 7, 4637
List the prime factors of 3259391.
661, 4931
List the prime factors of 1687208.
2, 210901
What are the prime factors of 1370162?
2, 685081
List the prime factors of 4450177.
4450177
List the prime factors of 9528621.
3, 1249, 2543
What are the prime factors of 210199?
11, 97, 197
What are the prime factors of 84291?
3, 28097
List the prime factors of 197624.
2, 7, 3529
List the prime factors of 44607.
3, 14869
List the prime factors of 1126359.
3, 13, 3209
What are the prime factors of 612578?
2, 17, 43, 419
What are the prime factors of 410376?
2, 3, 17099
What are the prime factors of 1758035?
5, 47, 7481
List the prime factors of 13377357.
3, 7, 41, 5179
List the prime factors of 548614.
2, 11, 2267
List the prime factors of 1784032.
2, 197, 283
What are the prime factors of 33496006?
2, 16748003
List the prime factors of 9512201.
1787, 5323
List the prime factors of 643887.
3, 29, 2467
List the prime factors of 181501.
181501
What are the prime factors of 255491?
239, 1069
What are the prime factors of 74428?
2, 23, 809
List the prime factors of 29943406.
2, 14971703
What are the prime factors of 496506?
2, 3, 83, 997
List the prime factors of 4827723.
3, 23, 31, 37, 61
What are the prime factors of 48539?
48539
List the prime factors of 414581.
607, 683
List the prime factors of 396388.
2, 41, 2417
What are the prime factors of 8937102?
2, 3, 197, 7561
What are the prime factors of 11704053?
3, 3901351
What are the prime factors of 367790?
2, 5, 36779
What are the prime factors of 11817177?
3, 3939059
List the prime factors of 270561.
3, 90187
List the prime factors of 175403.
175403
List the prime factors of 4464167.
199, 22433
List the prime factors of 2074784.
2, 23, 2819
List the prime factors of 1090846.
2, 41, 53, 251
List the prime factors of 1433539.
1433539
List the prime factors of 660826.
2, 330413
List the prime factors of 1690976.
2, 7, 7549
What are the prime factors of 12112778?
2, 29, 97, 2153
List the prime factors of 2187177.
3, 729059
List the prime factors of 8606964.
2, 3, 17, 31, 1361
List the prime factors of 1951980.
2, 3, 5, 32533
List the prime factors of 344140.
2, 5, 17207
What are the prime factors of 2935301?
2935301
What are the prime factors of 708333?
3, 236111
List the prime factors of 565956.
2, 3, 79, 199
What are the prime factors of 6749186?
2, 439, 7687
What are the prime factors of 3266383?
3266383
List the prime factors of 2649738.
2, 3, 7, 13, 23, 211
What are the prime factors of 525792?
2, 3, 5477
List the prime factors of 366815.
5, 73363
What are the prime factors of 232769?
19, 12251
List the prim